{"id":40,"date":"2022-08-09T15:05:22","date_gmt":"2022-08-09T13:05:22","guid":{"rendered":"http:\/\/parrocchievallelaghi.it\/?page_id=40"},"modified":"2022-08-30T16:29:29","modified_gmt":"2022-08-30T14:29:29","slug":"gruppi-lettori","status":"publish","type":"page","link":"https:\/\/parrocchievallelaghi.it\/index.php\/gruppi-lettori\/","title":{"rendered":"Gruppo liturgico"},"content":{"rendered":"\n<h3 class=\"has-text-align-center wp-block-heading\">Che cos&#8217;\u00e8 la Liturgia e perch\u00e9 \u00e8 cos\u00ec importante?<\/h3>\n\n\n\n<p>Papa Francesco ha voluto donare alle Comunit\u00e0 una lettera \u00abDesiderio Desideravi\u00bb nella quale ha voluto ravviare l&#8217;importanza della formazione liturgica. In questa lettera troviamo queste parole meravigliose: \u00abQui sta tutta la potente bellezza della Liturgia. Se la Risurrezione fosse per noi un concetto, un\u2019idea, un pensiero; se il Risorto fosse per noi il ricordo del ricordo di altri, per quanto autorevoli come gli Apostoli, se non venisse data anche a noi la possibilit\u00e0 di un incontro vero con Lui, sarebbe come dichiarare esaurita la novit\u00e0 del Verbo fatto carne. Invece, l\u2019incarnazione oltre ad essere l\u2019unico evento nuovo che la storia conosca, \u00e8 anche il metodo che la Santissima Trinit\u00e0 ha scelto per aprire a noi la via della comunione. La fede cristiana o \u00e8 incontro con Lui vivo o non \u00e8. La Liturgia ci garantisce la possibilit\u00e0 di tale incontro\u00bb. La liturgia \u00e8, pertanto, il tempo dell&#8217;incontro particolare, personale e comunitario con il Signore. Pertanto, come comunit\u00e0 cristiane, dobbiamo impegnarci sempre pi\u00f9 a ravvivare il desiderio di liturgie &#8220;belle&#8221; ove si percepisca la grandezza e la bellezza della ministerialit\u00e0<\/p>\n\n\n\n<h4 class=\"has-text-align-center wp-block-heading\">Da chi \u00e8 formato e che cosa fa il gruppo liturgico?<\/h4>\n\n\n\n<p>Il gruppo liturgico della nostra comunit\u00e0 parrocchiale \u00e8 costituito da un nutrito numero di persone (operatori liturgici) che si incontrano periodicamente per momenti formativi e organizzativi.<\/p>\n\n\n\n<p>La Commissione liturgica vede la partecipazione dei rappresentanti dei vari settori della liturgia: lettori, ministri dell&#8217;eucaristia, sagrestani, altri volontari interessati. <\/p>\n\n\n\n<p>Tutti possiamo diventare operatori liturgici: da chi ha una bella voce a chi desidera fare il servizio di sagrestia, c&#8217;\u00e8 posto per tutti.<br><strong><em>Se vuoi aggregarti puoi rivolgerti direttamente<\/em><\/strong> al Parroco oppure ad uno dei collaboratori.<\/p>\n\n\n\n<div data-wp-interactive=\"core\/file\" class=\"wp-block-file\"><object data-wp-bind--hidden=\"!state.hasPdfPreview\" hidden class=\"wp-block-file__embed\" data=\"http:\/\/parrocchievallelaghi.it\/wp-content\/uploads\/2022\/08\/Desiderio-Desideravi.pdf\" type=\"application\/pdf\" style=\"width:100%;height:600px\" aria-label=\"Incorporamento di Incorporamento di Desiderio-Desideravi..\"><\/object><a id=\"wp-block-file--media-2b4d7c4f-a432-4fb9-ab57-e3bf86ba71e4\" href=\"http:\/\/parrocchievallelaghi.it\/wp-content\/uploads\/2022\/08\/Desiderio-Desideravi.pdf\">Desiderio-Desideravi<\/a><a href=\"http:\/\/parrocchievallelaghi.it\/wp-content\/uploads\/2022\/08\/Desiderio-Desideravi.pdf\" class=\"wp-block-file__button\" download aria-describedby=\"wp-block-file--media-2b4d7c4f-a432-4fb9-ab57-e3bf86ba71e4\">Download<\/a><\/div>\n\n\n\n<h2 class=\"wp-block-heading\"><\/h2>\n","protected":false},"excerpt":{"rendered":"<p>Che cos&#8217;\u00e8 la Liturgia e perch\u00e9 \u00e8 cos\u00ec importante? Papa Francesco ha voluto donare alle Comunit\u00e0 una lettera \u00abDesiderio Desideravi\u00bb nella quale ha voluto ravviare l&#8217;importanza della formazione liturgica. In questa lettera troviamo queste parole meravigliose: \u00abQui sta tutta la potente bellezza della Liturgia. Se la Risurrezione fosse per noi un concetto, un\u2019idea, un pensiero; [&hellip;]<\/p>\n","protected":false},"author":1,"featured_media":0,"parent":0,"menu_order":0,"comment_status":"closed","ping_status":"closed","template":"","meta":{"zakra_page_container_layout":"customizer","zakra_page_sidebar_layout":"customizer","zakra_remove_content_margin":false,"zakra_sidebar":"customizer","zakra_transparent_header":"customizer","zakra_logo":0,"zakra_main_header_style":"default","zakra_menu_item_color":"","zakra_menu_item_hover_color":"","zakra_menu_item_active_color":"","zakra_menu_active_style":"","zakra_page_header":true,"_monsterinsights_skip_tracking":false,"_monsterinsights_sitenote_active":false,"_monsterinsights_sitenote_note":"","_monsterinsights_sitenote_category":0,"footnotes":""},"class_list":["post-40","page","type-page","status-publish","hentry"],"aioseo_notices":[],"_links":{"self":[{"href":"https:\/\/parrocchievallelaghi.it\/index.php\/wp-json\/wp\/v2\/pages\/40","targetHints":{"allow":["GET"]}}],"collection":[{"href":"https:\/\/parrocchievallelaghi.it\/index.php\/wp-json\/wp\/v2\/pages"}],"about":[{"href":"https:\/\/parrocchievallelaghi.it\/index.php\/wp-json\/wp\/v2\/types\/page"}],"author":[{"embeddable":true,"href":"https:\/\/parrocchievallelaghi.it\/index.php\/wp-json\/wp\/v2\/users\/1"}],"replies":[{"embeddable":true,"href":"https:\/\/parrocchievallelaghi.it\/index.php\/wp-json\/wp\/v2\/comments?post=40"}],"version-history":[{"count":5,"href":"https:\/\/parrocchievallelaghi.it\/index.php\/wp-json\/wp\/v2\/pages\/40\/revisions"}],"predecessor-version":[{"id":334,"href":"https:\/\/parrocchievallelaghi.it\/index.php\/wp-json\/wp\/v2\/pages\/40\/revisions\/334"}],"wp:attachment":[{"href":"https:\/\/parrocchievallelaghi.it\/index.php\/wp-json\/wp\/v2\/media?parent=40"}],"curies":[{"name":"wp","href":"https:\/\/api.w.org\/{rel}","templated":true}]}}